Let i(m) = -4*m - 3. Let u(n) = n. Let k be u(-5). Let a(p) = 3*p + 4. Let r(f) = k*i(f) - 4*a(f). Is r(3) a multiple of 18?
False
Let i = 12 + 9. Suppose 0 = 2*z + k - 21, 45 = 5*z - 2*k - i. Is z a multiple of 6?
True
Let a be (5 - 166)/(2/2). Let s = -86 - a. Does 25 divide s?
True
Let a = 10 + -3. Suppose -80 = 2*t - a*t. Suppose -3*k + 29 = -t. Is k a multiple of 9?
False
Suppose 0 = -2*c - 8, -2*h - 8 = h + 5*c. Does 3 divide h?
False
Let x(p) = 77*p + 14. Is x(2) a multiple of 12?
True
Suppose 5*g = h + 353, -5*h - 61 = 2*g - 3*g. Let t = g - 35. Suppose -4*a = -t - 76. Does 11 divide a?
False
Suppose -14*a + 18*a = 584. Is a a multiple of 27?
False
Is 10 a factor of (63/(-12))/((-5)/40)?
False
Let w(o) = -o - 7. Let q be w(-3). Is q*((-33)/6 + 2) a multiple of 7?
True
Let p = 266 + -145. Does 11 divide p?
True
Suppose -o = -2*y - 42, -5*o + 186 = -2*y - 0*y. Is o a multiple of 6?
True
Let a(u) = -u**3 + 4*u**2 + 6*u - 3. Let o be a(5). Let s(i) = 9*i - 3. Is 15 a factor of s(o)?
True
Let l be 5*(24/(-15) - -2). Let i(j) = l*j**2 - 3*j**3 - j**2 + 0*j**2. Is 2 a factor of i(-1)?
True
Let q be (2*1)/(1/2). Suppose -2*g + f + 5 = -q, -2*f - 6 = -g. Suppose g*a = 30 + 118. Is 13 a factor of a?
False
Let u = 3 - -5. Let b be 22/(-10) + u/40. Is 17 a factor of 2*((-65)/b + 1)?
False
Suppose 0 = -2*f + 6*f. Let z be 128/56 - 4/14. Suppose f = -z*d + 4*d - 10. Does 5 divide d?
True
Let r = -105 + 158. Is 10 a factor of r?
False
Suppose -3*h + 2*n + 18 = 0, 3*h = -0*h - n + 9. Is 5 a factor of 32/h - 4/(-2)?
True
Suppose -5*x + 130 + 5 = 0. Does 3 divide x?
True
Let w be ((-3)/(-2))/((-1)/(-4)). Let g(k) be the second derivative of -k**4/12 + 3*k**3/2 - 7*k**2/2 - 3*k. Does 4 divide g(w)?
False
Does 13 divide (-30)/(-7)*35/5?
False
Is 4/(-10) - (-364)/35 a multiple of 2?
True
Let q = 0 - 0. Suppose -25 = -o + 5*p, -4*o + o - p + 123 = q. Is o a multiple of 13?
False
Suppose -3*v + 0*w + 171 = w, -4*v - 2*w + 230 = 0. Suppose 2*q - v - 14 = 0. Suppose -u + q = 2. Is 12 a factor of u?
False
Let v = -87 + 127. Is 10 a factor of v?
True
Let s be 0/1 - 6/1. Let a = s + 9. Suppose 0*n + 48 = 4*z + a*n, -n + 4 = 0. Is 4 a factor of z?
False
Let j(i) = i**2 + 6*i + 7. Let m be j(-5). Let f be (-28)/6*-3*m. Suppose -q + f = -4*r, 4*q - 5*r - 41 = 27. Does 5 divide q?
False
Let a = -46 - -126. Is a a multiple of 5?
True
Suppose 421 = 3*x - 4*y + 5*y, -x - 2*y + 142 = 0. Suppose 5*s + 5*w = x, -s + 5*w + 60 = 2*s. Is s a multiple of 9?
False
Suppose 30 + 30 = 5*t. Suppose -128 = -4*b - t. Suppose -4*u - 2*m + 11 = -b, 44 = 5*u + m. Is u a multiple of 4?
True
Let d(t) = t**2 - 20*t - 12. Does 14 divide d(24)?
True
Let v(q) = -16 + 10*q + 3 - q**2 + 1. Let x be v(9). Is 2 a factor of 5*(0/x + 1)?
False
Let b(g) = 16*g - 4. Is b(7) a multiple of 36?
True
Is (-984)/(-40) + (-4)/(-10) a multiple of 25?
True
Suppose 0 = 4*q - 61 - 51. Does 14 divide q?
True
Let c(p) = -2*p - 1. Let q be c(-2). Suppose -2*f - 62 = -g, 303 = -g + 6*g - q*f. Is 9 a factor of g?
False
Let a(p) = -2*p + 4. Does 4 divide a(-6)?
True
Let n(t) = t**3 - 5*t**2 - 4*t - 7. Let o(q) = 2*q**3 - 3*q**2 + q. Let w be o(2). Let g be n(w). Suppose 115 = 5*i + g*u, 3 - 20 = -i + 2*u. Does 7 divide i?
True
Let q(z) = -28*z - 3. Let b be q(-3). Let u = b - 49. Let i = u + -18. Is i a multiple of 14?
True
Let u = 74 - 22. Let h = u - 33. Is h a multiple of 5?
False
Let f be (-16)/(4/42*3). Is (5/(-4))/(2/f) a multiple of 12?
False
Let f be 9*((-7 - -5) + 8). Let t = -1 - -24. Let j = f - t. Does 9 divide j?
False
Suppose 5*a = 2*a - 9. Does 11 divide -1 + (a - (-29 - -3))?
True
Suppose 3*s + 5*w = 34, -5 - 4 = -s - 4*w. Is s a multiple of 13?
True
Let o(m) = -18*m + 16. Does 14 divide o(-3)?
True
Suppose -7*j + 4*y = -6*j - 22, 2*j + 1 = -y. Suppose -6*q + 16 = -j*q. Does 4 divide q?
True
Let g(a) = -8*a**2 - a**3 - 4*a - 4 + 2*a**2 + 0*a**2. Is g(-6) a multiple of 10?
True
Let k = 84 - 29. Suppose -k = -4*x + 17. Suppose 0 = -b - 4 + x. Is 14 a factor of b?
True
Suppose 0 = 2*q - q - 57. Is q a multiple of 19?
True
Let x(g) = -17*g + 1. Is 18 a factor of x(-1)?
True
Let l = 253 + -100. Does 17 divide l?
True
Let v be 0 + -3 + (-3)/3. Let c = 7 + v. Does 6 divide (-2)/c + 60/9?
True
Let g = -83 - -139. Is 10 a factor of g?
False
Let t be -1*15*1/(-3). Suppose 0 = t*q - q - 148. Does 22 divide q?
False
Let y(f) = 2*f**3 + 4*f**2 + 5*f + 8. Is y(4) a multiple of 20?
True
Suppose -q + 83 = -5*k, 0 = -4*q + q - 3*k + 159. Is q a multiple of 13?
False
Let d = -26 + 44. Suppose p + 9 = -d. Is 13 a factor of (1 - (p + 0)) + -2?
True
Let s(f) = -99*f - 1. Let u be s(-3). Suppose 3*w = 5*w + u. Let r = -89 - w. Is r a multiple of 17?
False
Let p(x) = x - 45. Let i be p(0). Let w(u) = u**2 - 6. Let k be w(0). Does 10 divide (8/k)/(6/i)?
True
Let n = -4 + -5. Is 11 a factor of (6/n)/2*-111?
False
Let h(t) = -5*t**2 + 3*t + 2. Let f be h(3). Let p = f + 48. Does 10 divide p?
False
Suppose 0 = s - 8*s + 875. Is s a multiple of 35?
False
Is 17 a factor of (90/12)/((-3)/(-18))?
False
Is 2 a factor of 9/(-7) + 1 + (-1060)/(-35)?
True
Let s be 4/(-18) + (-173)/(-9). Suppose -4*c + 6 - 3 = -j, 3*j = 2*c - s. Let x = j - -17. Does 8 divide x?
False
Suppose 5*q - 6 = 9. Suppose -7 = -q*p + 5. Is p a multiple of 3?
False
Let h = 2 + 0. Suppose 5*f - h*f + 6 = 0. Let m = 5 - f. Does 7 divide m?
True
Suppose 4*c - 4*l = 688, 5*c - 4*l = 569 + 294. Does 25 divide c?
True
Let o(n) = 24*n**2 + 3. Let w be o(3). Suppose 201 = 5*s - w. Is 28 a factor of s?
True
Suppose -5*m + 5*b = 3*b + 90, -4*m + 2*b - 74 = 0. Let n = -2 - m. Is n a multiple of 14?
True
Suppose 3*c - 4*c + 3 = 0. Suppose 43 + 77 = c*a. Is a a multiple of 14?
False
Suppose 0 = t - 4 + 2. Let c = 2 - t. Suppose 5*a - 150 = -c*a. Is 15 a factor of a?
True
Suppose c - m - 2*m + 9 = 0, -32 = -4*c - 5*m. Suppose c*n = -5*h + 7, -2*n = -3*h - 4 - 7. Does 3 divide 1/(n/3 - 1)?
True
Suppose -15*r + 348 = -3*r. Is 9 a factor of r?
False
Let w(j) = 16*j**3 - j**2 - 2*j + 1. Let d be w(2). Let f = 73 - d. Let b = f + 68. Is b a multiple of 12?
False
Suppose -3*u - 6 = -39. Let b(h) = 8*h - 5. Let a be b(5). Suppose a = 3*t + u. Is 4 a factor of t?
True
Suppose -g + 3*g = -3*y + 113, -2*g = -5*y - 89. Suppose 5*v - 5 - 10 = 0. Suppose v*n + g = 5*n. Is n a multiple of 13?
True
Suppose 3*x + 3*y + 6 = -0*x, -3*y = -5*x + 6. Suppose 0*m - 2*m + 90 = 0. Suppose x*i + m = 5*i. Is i a multiple of 9?
True
Suppose 8*d = 5*d + 6, 3*a + 4*d = 149. Is a a multiple of 9?
False
Suppose 0 = -11*c + 6*c + 210. Is c a multiple of 6?
True
Let p(f) = -9*f + 3. Does 15 divide p(-4)?
False
Suppose -81 = -5*h + 69. Is h a multiple of 10?
True
Suppose -5*o - 2 = -7. Let t = o + 29. Is t a multiple of 30?
True
Let f(x) = -2*x + 13. Let u(n) = -n + 4. Let v(k) = -4*f(k) + 14*u(k). Let j be v(-5). Let g = j - 15. Is 19 a factor of g?
True
Let s = 5 + -3. Let r(d) = 5*d**2 - 2*d**s + 3 - 8*d + 0. Does 14 divide r(5)?
False
Let a(y) = -y**2 - 7*y + 11. Let g be a(-8). Suppose 0 = u - g + 1. Does 2 divide u?
True
Suppose -5*n = -6*n + 14. Let l = n - -19. Does 11 divide l?
True
Suppose 2*w + 2*z - 67 = z, -5*w = 2*z - 167. Suppose -m + 9 = -2*m. Let g = m + w. Does 12 divide g?
True
Is 1/1*(35 + 2) a multiple of 3?
False
Let y be -3*(-4 + (-20)/(-6)). Is 12 a factor of (y + (3 - 3))*21?
False
Suppose 0 = 4*b - 127 - 33. Is b a multiple of 7?
False
Let r(g) = g**2 - g - 1. Let q(j) = -2*j**2 - 6*j + 7. Let t(n) = q(n) + r(n). Suppose -2*y - 12 = -0*y. Is t(y) a multiple of 12?
True
Let h = -3 - -30. Is 13 a factor of h?
False
Let i be -1 + (0 - -1 - -63). Suppose -u = -4*u - i. Does 10 divide u/(-24)*10*4?
False
Suppose 7*o - 51 = 4*o. Let x(c) = -c**2 + 9*c + 16. Let z be x(9). Suppose o = 3*q - z. Is 11 a factor of q?
True
Let k be 1 - (-2 + 3 + -27). Let l = 3 + k. Does 12 divide l?
False
Let w = 25 - -125. Is w a multiple of 26?
False
Let y(p) = -p**2 - 13*p + 7. Suppose 45 = -0*l + 5*l. Suppose 4*u + v = 4*v - 43, -u - l = v. Is 16 a factor of y(u)?
False
Let r be -3*((-8)/6)/4. Let z be r*4*(-156)/(-8). Suppose -z = -2*n - n. Is n a multiple of 13?
True
Suppose 5*a - 25 - 305 = 0. Does 33 divide a?
True
Let t = -32 + 92. Is 24 a factor of t?
False
Suppose 58 + 89 = 4*m - k, 0 = 3*m + k 